22?
4
What is the hundreds digit of 208?
2
What is the thousands digit of 5419?
5
What is the tens digit of 33879?
7
What is the tens digit of 146359?
5
What is the units digit of 1902?
2
What is the tens digit of 3148?
4
What is the units digit of 3230?
0
What is the hundred thousands digit of 147184?
1
What is the tens digit of 1587?
8
What is the units digit of 70143?
3
What is the ten thousands digit of 22702?
2
What is the hundreds digit of 72805?
8
What is the hundreds digit of 1001?
0
What is the tens digit of 12719?
1
What is the ten thousands digit of 18976?
1
What is the tens digit of 14043?
4
What is the tens digit of 14265?
6
What is the units digit of 92234?
4
What is the units digit of 552?
2
What is the thousands digit of 87817?
7
What is the hundreds digit of 1627?
6
What is the tens digit of 689?
8
What is the ten thousands digit of 50720?
5
What is the units digit of 747?
7
What is the units digit of 8660?
0
What is the tens digit of 2098?
9
What is the hundreds digit of 27621?
6
What is the ten thousands digit of 62521?
6
What is the units digit of 1799?
9
What is the thousands digit of 8154?
8
What is the hundreds digit of 19281?
2
What is the tens digit of 2785?
8
What is the hundreds digit of 782?
7
What is the ten thousands digit of 21766?
2
What is the ten thousands digit of 32391?
3
What is the hundreds digit of 5674?
6
What is the thousands digit of 31993?
1
What is the thousands digit of 16889?
6
What is the hundreds digit of 6383?
3
What is the units digit of 1614?
4
What is the ten thousands digit of 79224?
7
What is the units digit of 24375?
5
What is the units digit of 1212?
2
What is the tens digit of 958?
5
What is the units digit of 3958?
8
What is the hundreds digit of 132?
1
What is the hundreds digit of 1713?
7
What is the units digit of 29533?
3
What is the units digit of 966?
6
What is the ten thousands digit of 17226?
1
What is the hundreds digit of 96407?
4
What is the thousands digit of 14684?
4
What is the tens digit of 88436?
3
What is the hundreds digit of 27026?
0
What is the hundreds digit of 9292?
2
What is the hundreds digit of 2076?
0
What is the units digit of 1354?
4
What is the tens digit of 15559?
5
What is the units digit of 4111?
1
What is the thousands digit of 1438?
1
What is the hundreds digit of 8451?
4
What is the hundreds digit of 2735?
7
What is the hundreds digit of 441?
4
What is the hundreds digit of 27705?
7
What is the tens digit of 37095?
9
What is the thousands digit of 38150?
8
What is the hundreds digit of 5972?
9
What is the tens digit of 9143?
4
What is the tens digit of 49229?
2
What is the ten thousands digit of 17001?
1
What is the tens digit of 1080?
8
What is the units digit of 315?
5
What is the tens digit of 662?
6
What is the tens digit of 16663?
6
What is the thousands digit of 5437?
5
What is the tens digit of 612?
1
What is the hundreds digit of 268?
2
What is the hundreds digit of 4332?
3
What is the hundreds digit of 561?
5
What is the tens digit of 7768?
6
What is the tens digit of 1625?
2
What is the hundreds digit of 726?
7
What is the units digit of 29?
9
What is the thousands digit of 3103?
3
What is the units digit of 1274?
4
What is the ten thousands digit of 19038?
1
What is the ten thousands digit of 79240?
7
What is the hundreds digit of 736?
7
What is the thousands digit of 64190?
4
What is the tens digit of 782?
8
What is the units digit of 34039?
9
What is the tens digit of 276?
7
What is the tens digit of 3129?
2
What is the units digit of 949?
9
What is the tens digit of 4853?
5
What is the hundreds digit of 4318?
3
What is the units digit of 1955?
5
What is the tens digit of 19304?
0
What is the tens digit of 533?
3
What is the hundreds digit of 1045?
0
What is the units digit of 27475?
5
What is the hundreds digit of 2001?
0
What is the units digit of 308?
8
What is the thousands digit of 3854?
3
What is the tens digit of 1887?
8
What is the hundreds digit of 95846?
8
What is the hundreds digit of 1566?
5
What is the ten thousands digit of 12457?
1
What is the hundreds digit of 1044?
0
What is the hundreds digit of 4653?
6
What is the hundreds digit of 33039?
0
What is the ten thousands digit of 44506?
4
What is the tens digit of 1261?
6
What is the units digit of 8776?
6
What is the hundred thousands digit of 114869?
1
What is the units digit of 802?
2
What is the hundreds digit of 1960?
9
What is the tens digit of 1908?
0
What is the units digit of 55721?
1
What is the ten thousands digit of 15708?
1
What is the units digit of 31499?
9
What is the hundreds digit of 1603?
6
What is the tens digit of 11163?
6
What is the tens digit of 974?
7
What is the ten thousands digit of 113417?
1
What is the thousands digit of 7499?
7
What is the units digit of 877?
7
What is the tens digit of 4187?
8
What is the tens digit of 1418?
1
What is the thousands digit of 4028?
4
What is the thousands digit of 34936?
4
What is the hundreds digit of 947?
9
What is the thousands digit of 1013?
1
What is the units digit of 4398?
8
What is the tens digit of 37718?
1
What is the hundreds digit of 72420?
4
What is the units digit of 3090?
0
What is the hundreds digit of 4675?
6
What is the units digit of 42098?
8
What is the hundreds digit of 957?
9
What is the tens digit of 1326?
2
What is the tens digit of 2206?
0
What is the thousands digit of 8210?
8
What is the tens digit of 2804?
0
What is the thousands digit of 9538?
9
What is the units digit of 7839?
9
What is the hundreds digit of 8755?
7
What is the hundreds digit of 27917?
9
What is the units digit of 12403?
3
What is the units digit of 4451?
1
What is the tens digit of 3217?
1
What is the tens digit of 13294?
9
What is the units digit of 78?
8
What is the thousands digit of 1409?
1
What is the hundreds digit of 616?
6
What is the tens digit of 665?
6
What is the hundreds digit of 819?
8
What is the ten thousands digit of 33234?
3
What is the ten thousands digit of 31716?
3
What is the thousands digit of 5307?
5
What is the hundreds digit of 1327?
3
What is the hundreds digit of 775?
7
What is the units digit of 890?
0
What is the thousands digit of 28527?
8
What is the thousands digit of 58236?
8
What is the units digit of 1495?
5
What is the hundreds digit of 753?
7
What is the thousands digit of 6946?
6
What is the hundred thousands digit of 106106?
1
What is the hundreds digit of 673?
6
What is the ten thousands digit of 19715?
1
What is the thousands digit of 9964?
9
What is the tens digit of 4267?
6
What is the hundreds digit of 1084?
0
What is the units digit of 1769?
9
What is the tens digit of 9053?
5
What is the tens digit of 8817?
1
What is the ten thousands digit of 77295?
7
What is the tens digit of 1533?
3
What is the tens digit of 2569?
6
What is the tens digit of 36869?
6
What is the units digit of 4629?
9
What is the hundreds digit of 1259?
2
What is the thousands digit of 10774?
0
What is the tens digit of 1597?
9
What is the thousands digit of 19917?
9
What is the thousands digit of 2164?
2
What is the thousands digit of 121143?
1
What is the hundreds digit of 13608?
6
What is the ten thousands digit of 19221?
1
What is the hundreds digit of 166?
1
What is the units digit of 3153?
3
What is the tens digit of 1588?
8
What is the tens digit of 56452?
5
What is the hundreds digit of 100893?
8
What is the units digit of 34919?
9
What is the thousands digit of 6549?
6
What is the units digit of 4820?
0
What is the tens digit of 8175?
7
What is the hundreds digit of 1685?
6
What is the hundreds digit of 12522?
5
What is the hundreds digit of 108144?
1
What is the units digit of 11320?
0
What is the tens digit of 192?
9
What is the units digit of 4299?
9
What is the hundreds digit of 603?
6
What is the units digit of 306?
6
What is the units digit of 86825?
5
What is the hundreds digit of 6347?
3
What is the thousands digit of 4716?
4
What is the tens digit of 18617?
1
What is the ten thousands digit of 10447?
1
What is the hundreds digit of 12177?
1
What is the units digit of 8449?
9
What is the thousands digit of 132483?
2
What is the thousands digit of 4555?
4
What is the tens digit of 42?
4
What is the units digit of 267?
7
What is the units digit of 30?
0
What is the thousands digit